{"id":2636,"date":"2018-10-24T14:52:28","date_gmt":"2018-10-24T12:52:28","guid":{"rendered":"https:\/\/www.electrosol.cat\/?post_type=product&#038;p=2636"},"modified":"2023-02-02T16:11:29","modified_gmt":"2023-02-02T15:11:29","slug":"lavadora-7kg-zanussi-zwf71240w","status":"publish","type":"product","link":"https:\/\/www.electrosol.cat\/ca\/producto\/lavadora-7kg-zanussi-zwf71240w\/","title":{"rendered":"Lavadora 7Kg Zanussi ZWF71240W"},"content":{"rendered":"<h3>Caracter\u00edsticas<\/h3>\n<p><strong><img decoding=\"async\" src=\"https:\/\/www.cemevisa.com\/img\/vineta.png\" \/><\/strong>\u00a0Lavadora carga Frontal<br \/>\n<strong><img decoding=\"async\" src=\"https:\/\/www.cemevisa.com\/img\/vineta.png\" \/>\u00a0Color Blanca<\/strong> &#8211; Centrifugado 1.200 r.p.m.<br \/>\n<strong><img decoding=\"async\" src=\"https:\/\/www.cemevisa.com\/img\/vineta.png\" \/>\u00a0Capacidad 7 kg<\/strong> &#8211; Clase energetica A+++<br \/>\n<strong><img decoding=\"async\" src=\"https:\/\/www.cemevisa.com\/img\/vineta.png\" \/><\/strong>\u00a0Funcion especial Rapido que acorta el programa hasta un 50%.<br \/>\n<strong><img decoding=\"async\" src=\"https:\/\/www.cemevisa.com\/img\/vineta.png\" \/><\/strong>\u00a0Inicio diferido \u00abSet&amp;Go\u00bb: 3\/6\/9h, 3 opciones de inicio diferido.<br \/>\n<strong><img decoding=\"async\" src=\"https:\/\/www.cemevisa.com\/img\/vineta.png\" \/><\/strong>\u00a0Limpieza facil del cajon<br \/>\n<strong><img decoding=\"async\" src=\"https:\/\/www.cemevisa.com\/img\/vineta.png\" \/><\/strong>\u00a0Panel blanco<br \/>\n<strong><img decoding=\"async\" src=\"https:\/\/www.cemevisa.com\/img\/vineta.png\" \/><\/strong>\u00a0Luces LED<br \/>\n<strong><img decoding=\"async\" src=\"https:\/\/www.cemevisa.com\/img\/vineta.png\" \/><\/strong>\u00a0Tambor GentleCare<br \/>\n<strong><img decoding=\"async\" src=\"https:\/\/www.cemevisa.com\/img\/vineta.png\" \/><\/strong>\u00a0Ajuste autom\u00e1tico del tiempo y consumo<br \/>\n<strong><img decoding=\"async\" src=\"https:\/\/www.cemevisa.com\/img\/vineta.png\" \/><\/strong>\u00a0Funci\u00f3n AutoOFF<br \/>\n<strong><img decoding=\"async\" src=\"https:\/\/www.cemevisa.com\/img\/vineta.png\" \/>\u00a0Programas de lavado:<\/strong> On\/Off, Algod\u00f3n, Algod\u00f3n econ\u00f3mico, Sint\u00e9ticos, Delicados, Lana Plus, Ropa Oscura, Mixto 20, Aclarado, Descarga, Centrifugado, Plancha f\u00e1cil, Refresco en 20&#8221;, Vaqueros, 30@30<br \/>\n<strong><img decoding=\"async\" src=\"https:\/\/www.cemevisa.com\/img\/vineta.png\" \/><\/strong>\u00a0Programa r\u00e1pido 30\u0092 a 30\u00ba<br \/>\n<strong><img decoding=\"async\" src=\"https:\/\/www.cemevisa.com\/img\/vineta.png\" \/>\u00a0Flexidose<\/strong>: detergente l\u00edquido y en polvo<br \/>\n<strong><img decoding=\"async\" src=\"https:\/\/www.cemevisa.com\/img\/vineta.png\" \/><\/strong>\u00a0Encimera extra\u00edble<br \/>\n<strong><img decoding=\"async\" src=\"https:\/\/www.cemevisa.com\/img\/vineta.png\" \/><\/strong>\u00a0Consumo anual de energia en lavado (kWh): 171<br \/>\n<strong><img decoding=\"async\" src=\"https:\/\/www.cemevisa.com\/img\/vineta.png\" \/><\/strong>\u00a0Consumo anual de agua en lavado (l): 9499<br \/>\n<strong><img decoding=\"async\" src=\"https:\/\/www.cemevisa.com\/img\/vineta.png\" \/><\/strong>\u00a0Dimensiones: 850 x 600 x 559-578 fondo total mm (alto x ancho x fondo)<\/p>\n","protected":false},"excerpt":{"rendered":"<p>Caracter\u00edsticas \u00a0Lavadora carga Frontal \u00a0Color Blanca &#8211; Centrifugado 1.200 r.p.m. \u00a0Capacidad 7 kg &#8211; Clase energetica A+++ \u00a0Funcion especial Rapido que acorta el programa hasta un 50%. \u00a0Inicio diferido \u00abSet&amp;Go\u00bb: 3\/6\/9h, 3 opciones de inicio diferido. \u00a0Limpieza facil del cajon \u00a0Panel blanco \u00a0Luces LED \u00a0Tambor GentleCare \u00a0Ajuste autom\u00e1tico del tiempo y consumo \u00a0Funci\u00f3n AutoOFF \u00a0Programas&hellip;<\/p>\n","protected":false},"featured_media":2637,"template":"","meta":{"_acf_changed":false},"product_brand":[388],"product_cat":[92,94],"product_tag":[413,412],"class_list":{"0":"post-2636","1":"product","2":"type-product","3":"status-publish","4":"has-post-thumbnail","6":"product_brand-balay","7":"product_cat-electrodomesticos","8":"product_cat-lavadoras","9":"product_tag-balay","10":"product_tag-lavadora","11":"description-off","13":"first","14":"instock","15":"shipping-taxable","16":"product-type-simple"},"acf":[],"_links":{"self":[{"href":"https:\/\/www.electrosol.cat\/ca\/wp-json\/wp\/v2\/product\/2636","targetHints":{"allow":["GET"]}}],"collection":[{"href":"https:\/\/www.electrosol.cat\/ca\/wp-json\/wp\/v2\/product"}],"about":[{"href":"https:\/\/www.electrosol.cat\/ca\/wp-json\/wp\/v2\/types\/product"}],"wp:featuredmedia":[{"embeddable":true,"href":"https:\/\/www.electrosol.cat\/ca\/wp-json\/wp\/v2\/media\/2637"}],"wp:attachment":[{"href":"https:\/\/www.electrosol.cat\/ca\/wp-json\/wp\/v2\/media?parent=2636"}],"wp:term":[{"taxonomy":"product_brand","embeddable":true,"href":"https:\/\/www.electrosol.cat\/ca\/wp-json\/wp\/v2\/product_brand?post=2636"},{"taxonomy":"product_cat","embeddable":true,"href":"https:\/\/www.electrosol.cat\/ca\/wp-json\/wp\/v2\/product_cat?post=2636"},{"taxonomy":"product_tag","embeddable":true,"href":"https:\/\/www.electrosol.cat\/ca\/wp-json\/wp\/v2\/product_tag?post=2636"}],"curies":[{"name":"wp","href":"https:\/\/api.w.org\/{rel}","templated":true}]}}

<h3>Características</h3>
<p><strong><img decoding="async" src="https://www.cemevisa.com/img/vineta.png" /></strong> Lavadora carga Frontal<br />
<strong><img decoding="async" src="https://www.cemevisa.com/img/vineta.png" /> Color Blanca</strong> &#8211; Centrifugado 1.200 r.p.m.<br />
<strong><img decoding="async" src="https://www.cemevisa.com/img/vineta.png" /> Capacidad 7 kg</strong> &#8211; Clase energetica A+++<br />
<strong><img decoding="async" src="https://www.cemevisa.com/img/vineta.png" /></strong> Funcion especial Rapido que acorta el programa hasta un 50%.<br />
<strong><img decoding="async" src="https://www.cemevisa.com/img/vineta.png" /></strong> Inicio diferido «Set&amp;Go»: 3/6/9h, 3 opciones de inicio diferido.<br />
<strong><img decoding="async" src="https://www.cemevisa.com/img/vineta.png" /></strong> Limpieza facil del cajon<br />
<strong><img decoding="async" src="https://www.cemevisa.com/img/vineta.png" /></strong> Panel blanco<br />
<strong><img decoding="async" src="https://www.cemevisa.com/img/vineta.png" /></strong> Luces LED<br />
<strong><img decoding="async" src="https://www.cemevisa.com/img/vineta.png" /></strong> Tambor GentleCare<br />
<strong><img decoding="async" src="https://www.cemevisa.com/img/vineta.png" /></strong> Ajuste automático del tiempo y consumo<br />
<strong><img decoding="async" src="https://www.cemevisa.com/img/vineta.png" /></strong> Función AutoOFF<br />
<strong><img decoding="async" src="https://www.cemevisa.com/img/vineta.png" /> Programas de lavado:</strong> On/Off, Algodón, Algodón económico, Sintéticos, Delicados, Lana Plus, Ropa Oscura, Mixto 20, Aclarado, Descarga, Centrifugado, Plancha fácil, Refresco en 20&#8221;, Vaqueros, 30@30<br />
<strong><img decoding="async" src="https://www.cemevisa.com/img/vineta.png" /></strong> Programa rápido 30 a 30º<br />
<strong><img decoding="async" src="https://www.cemevisa.com/img/vineta.png" /> Flexidose</strong>: detergente líquido y en polvo<br />
<strong><img decoding="async" src="https://www.cemevisa.com/img/vineta.png" /></strong> Encimera extraíble<br />
<strong><img decoding="async" src="https://www.cemevisa.com/img/vineta.png" /></strong> Consumo anual de energia en lavado (kWh): 171<br />
<strong><img decoding="async" src="https://www.cemevisa.com/img/vineta.png" /></strong> Consumo anual de agua en lavado (l): 9499<br />
<strong><img decoding="async" src="https://www.cemevisa.com/img/vineta.png" /></strong> Dimensiones: 850 x 600 x 559-578 fondo total mm (alto x ancho x fondo)</p>

<p>Características  Lavadora carga Frontal  Color Blanca &#8211; Centrifugado 1.200 r.p.m.  Capacidad 7 kg &#8211; Clase energetica A+++  Funcion especial Rapido que acorta el programa hasta un 50%.  Inicio diferido «Set&amp;Go»: 3/6/9h, 3 opciones de inicio diferido.  Limpieza facil del cajon  Panel blanco  Luces LED  Tambor GentleCare  Ajuste automático del tiempo y consumo  Función AutoOFF  Programas&hellip;</p>
